 2311882?
True
Does 428 divide 395227?
False
Is 110181 a multiple of 19?
True
Does 16 divide 170464?
True
Does 36 divide 22134492?
True
Does 11 divide 1012572?
True
Is 4 a factor of 5989?
False
Does 9 divide 893708?
False
Is 127 a factor of 5792553?
False
Is 79 a factor of 252721?
True
Does 3 divide 55969?
False
Is 926112 a multiple of 528?
True
Is 82 a factor of 1204362?
False
Is 5107664 a multiple of 146?
True
Is 3 a factor of 26409?
True
Does 267 divide 792189?
True
Does 201 divide 830472?
False
Does 67 divide 102244?
False
Does 25 divide 2629075?
True
Is 45 a factor of 330123?
False
Is 1981 a factor of 24689270?
False
Does 178 divide 855468?
True
Does 37 divide 155955?
True
Does 469 divide 5146337?
True
Does 79 divide 455909?
True
Does 7 divide 122416?
True
Does 51 divide 450636?
True
Is 1596 a factor of 10518641?
False
Does 19 divide 17515395?
False
Does 29 divide 2669305?
True
Does 166 divide 52622?
True
Is 3443562 a multiple of 208?
False
Is 647427 a multiple of 46?
False
Is 293851 a multiple of 10?
False
Is 459294 a multiple of 66?
True
Does 17 divide 1635919?
False
Is 26 a factor of 4788888?
True
Does 1096 divide 11003613?
False
Does 1370 divide 3005780?
True
Is 65094 a multiple of 15?
False
Does 97 divide 214488?
False
Does 3 divide 143772?
True
Is 8 a factor of 32429?
False
Is 23 a factor of 146441?
True
Does 184 divide 58799?
False
Is 21323 a multiple of 9?
False
Does 7 divide 243480?
False
Is 671 a factor of 1514912?
False
Is 1107176 a multiple of 136?
True
Is 2736459 a multiple of 11?
True
Does 14 divide 3416812?
True
Is 1133812 a multiple of 528?
False
Does 2 divide 750519?
False
Is 20005917 a multiple of 50?
False
Is 54 a factor of 100602?
True
Is 1672606 a multiple of 141?
False
Is 9 a factor of 9443853?
True
Does 6 divide 73542?
True
Does 9 divide 145747?
False
Is 1517 a factor of 3821323?
True
Is 30417 a multiple of 2?
False
Is 27928 a multiple of 5?
False
Is 2 a factor of 507852?
True
Does 25 divide 144775?
True
Is 11 a factor of 40733?
True
Is 19943 a multiple of 49?
True
Does 177 divide 773605?
False
Is 13 a factor of 1281007?
True
Does 7 divide 68061?
True
Is 5834542 a multiple of 8?
False
Is 6580480 a multiple of 708?
False
Is 6 a factor of 14144?
False
Is 172603 a multiple of 107?
False
Does 73 divide 12427?
False
Is 306606 a multiple of 137?
True
Does 47 divide 38569781?
False
Is 1353128 a multiple of 292?
True
Is 4648 a multiple of 10?
False
Is 168897 a multiple of 21?
False
Is 15432 a multiple of 4?
True
Does 25 divide 269075?
True
Is 3216924 a multiple of 463?
True
Does 20 divide 12961480?
True
Is 572942 a multiple of 87?
False
Is 573 a factor of 136374?
True
Is 11930719 a multiple of 1876?
False
Is 11 a factor of 773069?
True
Does 7 divide 416022?
False
Is 72 a factor of 3544416?
True
Is 117 a factor of 128223?
False
Is 32 a factor of 186976?
True
Is 17605380 a multiple of 10?
True
Is 83 a factor of 844665?
False
Is 175 a factor of 6141450?
True
Is 1559103 a multiple of 13?
True
Does 12 divide 753120?
True
Is 624420 a multiple of 10?
True
Is 9 a factor of 95409?
True
Does 180 divide 57240?
True
Is 10178190 a multiple of 3?
True
Is 185596 a multiple of 4?
True
Is 143383 a multiple of 127?
True
Is 13692 a multiple of 6?
True
Is 2 a factor of 2933326?
True
Does 39 divide 528723?
True
Does 9 divide 105801?
False
Does 4 divide 187236?
True
Does 5 divide 47038?
False
Is 479 a factor of 7389054?
True
Does 344 divide 1484418?
False
Does 112 divide 4231024?
True
Is 78540 a multiple of 3?
True
Does 82 divide 6740?
False
Does 179 divide 125837?
True
Is 8 a factor of 504152?
True
Is 43 a factor of 3787838?
False
Is 891 a factor of 17990181?
True
Is 1904 a factor of 22648080?
True
Is 37 a factor of 2320270?
True
Does 99 divide 2697156?
True
Does 508 divide 1539945?
False
Is 656691 a multiple of 7?
True
Does 12 divide 445240?
False
Does 590 divide 433868?
False
Does 81 divide 422663?
False
Is 21815973 a multiple of 39?
False
Is 268364 a multiple of 23?
True
Is 5 a factor of 216084?
False
Does 13 divide 1085754?
False
Is 509538 a multiple of 11?
False
Is 179 a factor of 242167?
False
Is 457964 a multiple of 497?
False
Is 7375171 a multiple of 46?
False
Is 1030633 a multiple of 149?
True
Is 137 a factor of 202349?
True
Is 52 a factor of 837040?
False
Does 25 divide 544425?
True
Does 37 divide 513745?
True
Does 9 divide 10629?
True
Is 1589392 a multiple of 322?
True
Is 1512287 a multiple of 29?
False
Is 283188 a multiple of 12?
True
Is 12 a factor of 22108?
False
Is 33 a factor of 24684?
True
Is 3443502 a multiple of 6?
True
Is 5660186 a multiple of 8?
False
Does 39 divide 404547?
True
Is 325 a factor of 12076350?
True
Is 26 a factor of 165178?
True
Is 8 a factor of 2592?
True
Is 59 a factor of 244934?
False
Is 104 a factor of 2985424?
True
Is 35244 a multiple of 11?
True
Does 11 divide 258016?
True
Is 2090704 a multiple of 44?
True
Does 54 divide 2594688?
False
Is 93 a factor of 1297849?
False
Is 1127670 a multiple of 11?
False
Is 6 a factor of 37923?
False
Does 14 divide 99406?
False
Is 10 a factor of 4622786?
False
Is 3728849 a multiple of 71?
True
Is 3 a factor of 36663?
True
Is 28084 a multiple of 34?
True
Is 53228 a multiple of 7?
True
Is 10001211 a multiple of 11?
True
Is 132412 a multiple of 63?
False
Does 213 divide 7052004?
True
Is 58088 a multiple of 10?
False
Is 143695 a multiple of 289?
False
Is 4 a factor of 67068?
True
Is 266574 a multiple of 285?
False
Is 21369715 a multiple of 127?
False
Is 494770 a multiple of 95?
False
Does 376 divide 35895592?
True
Is 55 a factor of 10285?
True
Is 404357 a multiple of 108?
False
Does 32 divide 242335?
False
Is 332778 a multiple of 234?
False
Is 4891410 a multiple of 51?
True
Does 3 divide 154875?
True
Does 1102 divide 1155964?
False
Is 8 a factor of 8626006?
False
Is 1149700 a multiple of 443?
False
Does 395 divide 7688?
False
Is 91 a factor of 1484082?
False
Is 98 a factor of 97797?
False
Is 80 a factor of 357520?
True
Is 14607 a multiple of 8?
False
Is 13 a factor of 731978?
True
Is 45 a factor of 247602?
False
Is 307 a factor of 2296082?
False
Is 1100 a factor of 3130600?
True
Is 3256932 a multiple of 12?
True
Does 7 divide 126594?
False
Does 28 divide 16033220?
True
Is 276 a factor of 31740?
True
Is 339615 a multiple of 303?
False
Is 730803 a multiple of 219?
True
Is 11821 a multiple of 32?
False
Does 416 divide 446368?
True
Is 39343 even?
False
Does 10 divide 326618?
False
Is 4817496 a multiple of 12?
True
Does 12 divide 5160644?
False
Does 51 divide 9174229?
False
Does 133 divide 123158?
True
Does 197 divide 567356?
False
Is 10 a factor of 18205750?
True
Is 14144 a multiple of 104?
True
Is 1025750 a multiple of 12?
False
Is 632 a factor of 1545240?
True
Is 256 a factor of 155392?
True
Does 2 divide 48130?
True
Is 102 a factor of 41514?
True
Is 100264 a multiple of 166?
True
Is 560 a factor of 53200?
True
Is 128 a factor of 1286181?
False
Is 285202 a multiple of 117?
False
Is 11940 a multiple of 30?
True
Is 87142 a multiple of 37?
False
Does 234 divide 565110?
True
Is 99 a factor of 1178965?
False
Is 45296 a multiple of 25?
False
Does 420 divide 169260?
True
Does 450 divide 1981790?
False
Is 448 a factor of 537720?
False
Does 142 divide 968724?
True
Is 193684 a multiple of 8?
False
Is 281798 a multiple of 229?
False
Does 85 divide 4161102?
False
Is 14332760 a multiple of 444?
False
Does 31 divide 15316759?
True
Does 7 divide 32648?
True
Is 68218 a multiple of 46?
True
Is 14 a factor of 288758?
False
Is 7 a factor of 5299372?
False
Does 384 divide 131328?
True
Is 82 a factor of 223542?
False
Is 450 a factor of 9614700?
True
Is 60589 a multiple of 90?
False
Does 121 divide 529224?
False
Does 124 divide 537292?
True
Is 104400 a multiple of 240?
True
Is 321832 a multiple of 11?
False
Is 37 a factor of 31437131?
False
Is 32 a factor of 891584?
True
Does 9 divide 30186?
True
Does 1924 divide 19609408?
True
Does 6 divide 15300?
True
Does 239 divide 229882?
False
Does 7 divide 30897?
False
Does 29 divide 2080532?
False
Does 2078 divide 2279566?
True
Does 17 divide 39737?
False
Is 85 a factor of 5150235?
True
Is 40 a factor of 979125?
False
Is 123 a factor of 228585?
False
Is 2870784 a multiple of 32?
True
Does 4 divide 8366?
False
Is 17 a factor of 3557862?
True
Is 15505 a mu